se 14 + g = 3*m. Calculate the highest common factor of 66 and m.
6
Suppose -2*l + 12 = -0. Let r(v) be the first derivative of v**3/3 - 3*v**2/2 - 6*v + 3. Let n be r(-6). Calculate the greatest common divisor of l and n.
6
Suppose 0*q - 40 = -5*q. Let t = -289 + 361. Calculate the greatest common divisor of q and t.
8
Let m(i) = -5*i**2 + 0 + 6*i - 1 + i**2 + 3*i**2. Let d be m(4). What is the greatest common divisor of d and 77?
7
Let g = 0 + 4. Suppose m + 3 = 5*n, -8*m + g*m = -2*n - 6. What is the highest common factor of 6 and m?
2
Let k be 4/10 - (-28)/5. Let m(c) be the first derivative of c**3/3 - 5*c**2 + 6*c - 2. Let q be m(10). Calculate the greatest common divisor of q and k.
6
Let g be 0 - (-2 + 4 + -4). Suppose 0*p - 64 = -3*u + p, g*p = 4. Suppose -5*a = 4*z - 49 - u, 47 = 3*a - 2*z. What is the highest common factor of 10 and a?
5
Let k = -76 - -241. What is the highest common divisor of 33 and k?
33
Let b = -5 - -3. Let r be (3/b)/((-2)/4). Suppose 5*h - r*h = 162. Calculate the greatest common factor of h and 9.
9
Let z be -2 - (-2 + 1*-63). What is the greatest common factor of z and 21?
21
Let b(x) be the first derivative of x**3/3 - x**2/2 + 7*x - 1. Let v be b(0). Let r be (-2)/8 - (-285)/20. Calculate the highest common divisor of r and v.
7
Let o(n) = n**3 - 7*n**2 + 4*n + 13. Let i be o(6). What is the highest common factor of i and 8?
1
Suppose -3*w - 12 = -102. Calculate the highest common divisor of 120 and w.
30
Suppose 4*w = 459 + 245. What is the highest common factor of w and 11?
11
Suppose -5*p - 2*a = -1809, 5*p + 0*a = -5*a + 1800. What is the highest common factor of p and 33?
33
Let o be (4/10)/((-2)/10). Let v be 0 + ((-186)/o - 3). What is the highest common divisor of v and 10?
10
Suppose 2*p - 2*c = 20, 2*p = -c - c + 8. Let y be (-1 - -2)*p + -1. Let k be (-69)/(-5) - -1 - 2/(-10). What is the highest common factor of y and k?
3
Suppose -5*d - 31 = -96. Calculate the highest common factor of 26 and d.
13
Let i(n) = -2*n**3 - 2*n - 4*n**3 + 2 + n**2 - 5*n**2 + 5*n**3. Let l be i(-4). What is the highest common factor of 10 and l?
10
Let u(x) = -5*x**3 - 4*x**2 - 2*x + 2. Let j(s) = s**3 + 9*s**2 + 8*s - 2. Let h be j(-8). Let w be u(h). Calculate the highest common divisor of w and 6.
6
Let a(n) = -5*n**2 - 4*n + 3*n + 11*n**2. Let p be a(-1). What is the greatest common factor of p and 14?
7
Suppose -3*u - 5 = -32. What is the greatest common factor of u and 63?
9
Let g be 7/(14/(-16))*-16. What is the highest common divisor of 16 and g?
16
Let n(p) = p**3 + 5*p**2 - 7*p + 4. Let x be n(-6). Calculate the greatest common factor of x and 110.
10
Suppose -a - 21 + 73 = 0. Suppose 5*r - 128 - a = 0. Let q(t) = 5*t**2 + t + 2. Let j be q(2). Calculate the highest common divisor of j and r.
12
Let i(r) = -r**3 + 12*r**2 - 16*r + 15. Let n be i(10). What is the highest common factor of n and 5?
5
Let m(k) = -k**3 + 2*k**2 + 5*k + 2. Let j be m(-4). What is the greatest common factor of 52 and j?
26
Let v be 18/(-12) + (-292)/(-8). What is the greatest common factor of 5 and v?
5
Let g be 16*((-1)/(-2) + (-3 - -5)). Calculate the greatest common factor of g and 40.
40
Let w be (-2)/4 + (-14)/(-4). Let k be 9 - (-3 + w)/(-1). Calculate the greatest common factor of 6 and k.
3
Let n be 94/10 + 4/(-10). Let v be (3178/35)/((-1)/(-5)). Suppose 5*j - v = 41. Calculate the highest common divisor of n and j.
9
Let t be 8/6 + (-2)/(-3). Suppose -t*w = 2*w - 76. Calculate the highest common factor of 133 and w.
19
Let b = -18 - -33. Calculate the greatest common factor of b and 45.
15
Suppose -8*o - 23 = -3*p - 3*o, -o = -p + 11. Calculate the highest common divisor of 88 and p.
8
Let t = -35 + 123. Suppose -3*s - 2*f + 33 = -39, -5*f = 3*s - 63. Let l = s - 15. What is the highest common divisor of l and t?
11
Let n(t) = t**3 + 1. Let p(d) = -d**2 + d**2 + 5*d**3 + d**2 + 2. Let i(a) = 3*n(a) - p(a). Let k be i(-2). What is the highest common divisor of k and 26?
13
Let b be -1 + -2 + 5 + -6. Let v = b - -21. Calculate the highest common factor of 136 and v.
17
Let g be (0 - -1)*(-11 + 2)*-3. Let h = 80 + 55. What is the greatest common factor of g and h?
27
Suppose -5*g - 35 + 10 = 0. Let k = 13 + g. Let v be k/5 + 2/5. What is the highest common divisor of 5 and v?
1
Let k be ((-105)/12)/(-1 - 115/(-120)). Calculate the greatest common factor of k and 21.
21
Let a(y) = 5*y - 27. Let t be a(12). Calculate the highest common divisor of 55 and t.
11
Let c(b) = -10*b. Let h be c(-1). Let l be (24/(-10))/((-6)/20). Suppose l*v = h*v - 102. What is the greatest common factor of 17 and v?
17
Let d = 17 - 2. Suppose -2*i + 2*p = -20, -4*p = -4*i + i + 25. Calculate the highest common factor of i and d.
15
Suppose 3*f = 69 + 162. What is the highest common divisor of f and 7?
7
Suppose -p + 3*p - 20 = 0. Let g(c) = -2*c + 5. Suppose -t + 3 = -w, 5*w + 3*t = 2*t - 27. Let d be g(w). Calculate the greatest common divisor of p and d.
5
Let g = -7 + 11. Let s(c) = c + 5. Let q be s(g). Let u be 9/12*1*60. Calculate the greatest common factor of u and q.
9
Suppose 0*n - 4*n + 3*q = -228, -2*q - 170 = -3*n. Suppose 9 = -3*d, -2*d + n = 3*w + d. Suppose 3*f = 6*f - w. What is the highest common factor of 21 and f?
7
Let z(p) = p**3 + 6*p**2 + 7*p + 6. Let b be z(-5). Let y = b + 31. What is the greatest common divisor of 18 and y?
9
Let j be 4/(1/(9/(-6))). Let w be 3/(-6)*j + 25. Calculate the highest common factor of w and 7.
7
Suppose -5*c - 35 = -6*c. Calculate the highest common factor of c and 5.
5
Let o(k) = k - 1. Let p be o(8). Suppose 5*x + 13 + 2 = 0. Let m be (x + 0)*385/(-15). What is the highest common divisor of m and p?
7
Let h be 13/(195/50) - 2/6. What is the greatest common factor of 21 and h?
3
Suppose 25 = 4*h + 5*x - 0*x, 2*x - 10 = -4*h. Let f(a) = -a**3 + 38. Let u be f(h). Let z = u + -13. What is the highest common factor of z and 10?
5
Suppose 2*j = -17 + 3. Let z(k) = -5 + 0*k**2 + k**2 + 4*k - 5. Let f be z(j). What is the greatest common factor of 88 and f?
11
Let i = -15 - -27. Suppose i = 2*x + x. Suppose 15 = 5*c - 5. What is the greatest common factor of c and x?
4
Let m(b) = 5*b**3 - 2*b**2 + 2*b - 1. Let s be m(1). Let w be (-6)/s*(-14)/3. Let p = w - 1. Calculate the greatest common divisor of p and 12.
6
Let p(f) = f**3 - 3*f**2 - f - 3. Let h be p(4). What is the highest common factor of 6 and h?
3
Suppose 4*f - 5*v = 30, -2*v = 2*f - 1 - 5. Let a = f - 3. Calculate the greatest common factor of 8 and a.
2
Let c be (-71)/(-4) - 2/(-8). Suppose b + 2*n = -4, n + 12 = -3*n. Suppose 3*f + 0*f + 33 = b*y, 36 = 4*y + 4*f. What is the greatest common divisor of c and y?
6
Let z(c) = 14*c**2 + 2*c - 7. Let h(a) = a - 3. Let v be h(7). Let b be z(v). Calculate the greatest common divisor of b and 25.
25
Suppose -l + 6*l - 75 = 0. Suppose -3*j = d - 9, -j + d = 3*d - 3. What is the highest common factor of l and j?
3
Suppose 3*n = -2*k + 68, -2*n + 47 = -0*k + 3*k. Let s = 8 - 6. What is the highest common divisor of n and s?
2
Suppose 16 = 2*u + 14. What is the highest common divisor of 8 and u?
1
Suppose 0*z = z - 36. Suppose 39 + z = 5*x. Calculate the greatest common factor of 5 and x.
5
Let r(s) = -s + 4. Let a be r(4). Suppose a*g - 4*g = -80. Let n be 90/11 - 2/11. What is the greatest common factor of g and n?
4
Let z = 163 + -112. Calculate the highest common divisor of 17 and z.
17
Let t(s) = s - 6. Let u be t(14). Calculate the highest common factor of u and 1.
1
Let n be (-2)/(-4)*(7 + -1). Suppose -4*a + 5 = 1. What is the greatest common divisor of a and n?
1
Suppose -8*o - 12*o + 660 = 0. Let i be (-1)/(-2) - 21/(-2). Calculate the highest common factor of i and o.
11
Let v be -2 + -1 + 7 + 0. Let i be 18/(-30) - (-9)/15. Suppose 3*f - 16 = 5*k, -v*f - 5*k + 33 = -i*k. Calculate the highest common factor of f and 28.
7
Suppose -5 = -n - u, 0*n - n - 4 = -2*u. Suppose -4*c + 3*w + 28 = 0, -2*c = -n*w + 6 - 22. What is the highest common divisor of 8 and c?
4
Suppose 0 = -0*a + 2*a - 8. Suppose a*n + n - 4 = y, -2*y + 5*n = -2. Let i(q) = q**2 - 5*q - 5. Let t be i(y). What is the highest common divisor of t and 6?
1
Let z be -2*3/9*15. Let n be (16/z)/((-20)/150). Calculate the hi